*p - 14 = -d. What is the tens digit of d?
2
Let j = 3 + 6. Let p = j + 8. What is the units digit of p?
7
Suppose 3*w = -v + 154, -5*v - 63 = -w + 15. What is the tens digit of w?
5
Let k = -541 + 860. What is the hundreds digit of k?
3
Let c(g) = g**3 + g**2 + g + 72. What is the units digit of c(0)?
2
Suppose 0 = 6*s - 2*s - 12. Suppose x - s*m = m + 20, 2*m = -6. What is the units digit of x?
8
Let k = 16 - 6. Let f be (-4)/6*-3 + k. Let m = -3 + f. What is the units digit of m?
9
Let s(y) = -y**2 - 5*y - 1. Let d be s(-3). Suppose -4 - d = -o. What is the units digit of o?
9
What is the units digit of 6/8 - (-414)/24?
8
Let a(l) = -l**2 - 7*l - 10. Let w be a(-7). What is the tens digit of (w/(-15))/(2/75)?
2
Let v be (-27)/18*(1 - 3). Let u be (1 - (-3)/3)*4. Let g = u - v. What is the units digit of g?
5
Let n(v) = v**3 - 5*v**2 - v + 4. Let o be n(5). Let k(u) be the second derivative of -11*u**5/20 + u**3/6 + 7*u. What is the units digit of k(o)?
0
Suppose -2*v + 28 = 4*i, 2*v - 1 = -i - 0*i. Suppose -2*x + 41 - i = 0. What is the tens digit of x?
1
Let y(g) = g + 3. Let t be y(-1). Suppose -t*f + 21 = -1. What is the units digit of f?
1
Let i = -80 - -246. Suppose -2*j - 5*g = -75, -5*g = 3*j - i + 56. What is the units digit of j?
5
What is the tens digit of 37 + (-4 - (-8 + 4))?
3
Suppose -2*x + 262 - 44 = 0. What is the units digit of x?
9
Let u = 63 - 25. What is the units digit of u?
8
What is the units digit of 26/52 + (-17)/(-4)*2?
9
Let b be 0 - (-2*1 + 2). Suppose b = -k - 4*k - 20. What is the units digit of k/6*3/(-2)?
1
Let b = -3 - -6. Suppose a = f + 15, -54 = 5*a - 10*a - 2*f. Suppose -b*p + a = -p. What is the units digit of p?
6
What is the hundreds digit of (-2090)/(-6) + (-7 - (-184)/24)?
3
Suppose 0 = 4*d, d = -4*s + 2*d + 192. What is the units digit of s?
8
Let m(y) = -y**2 + 3. Let h be m(3). Let b = h - -5. What is the tens digit of (-1 + -1)/(b/5)?
1
Suppose -3*u + 0*u + 9 = 0. Let d be (2*-1 - -2)/2. Suppose d = 5*c - u*h - 54, 0*c - h = -c + 10. What is the tens digit of c?
1
Suppose 6 = 2*w - 0*w, 3*w + 881 = 2*t. What is the tens digit of t?
4
Let l be (-4 - -2)/2 - 0. Let b = 0 - l. Suppose -3*s - 15 = 0, k = 5*k + 5*s + b. What is the units digit of k?
6
Let c be -1 - 0 - (-6 - -3). Let y(f) = 15*f - 1. What is the units digit of y(c)?
9
Let u(d) = 4*d. Let t be u(4). Suppose -5*h + 4*a + t = 0, -5*a - 16 + 1 = -5*h. Suppose -h*v = -0*s - s - 23, 4*s + 1 = 3*v. What is the units digit of v?
7
Let g(h) = -h**2 + 4*h + 3. Let i be g(5). What is the tens digit of (1 - -1)/(i/(-23))?
2
Let w(a) = 94*a**3 + 3*a**2 - 2. What is the tens digit of w(1)?
9
Let h(x) = x**3 + 10*x**2 - x - 8. Let v be (-1)/((0 + -1)/(-9)). Let b be h(v). Suppose -3 = -5*y + b. What is the tens digit of y?
1
Suppose -3*c = -4*p + 123, 2*p - 2*c = -3*p + 152. Let s = p - 20. What is the units digit of s?
0
Let t(s) = -14*s + 5. Let i be t(-4). Let q = i - 37. What is the units digit of q?
4
Let z be -2*(1/2)/1. What is the tens digit of ((-1)/z)/(2/22)?
1
Suppose -q = -0*q - 22. What is the units digit of q?
2
Suppose 35*a - 41*a + 2040 = 0. What is the tens digit of a?
4
Let r be (-2)/3 - (-16)/6. Let h(y) = y**2 - 1. What is the units digit of h(r)?
3
Let i(f) = -3*f**2 + 2*f - 3. Let o(g) = -3*g**2 + 3*g - 4. Let k(t) = -4*i(t) + 3*o(t). Suppose -2*u = -u, -2*u + 1 = -j. What is the units digit of k(j)?
2
Suppose -4*l + 541 = -131. What is the units digit of l?
8
Let d(x) = 1 + 0*x + 5*x - 6*x. Let k be d(1). Suppose k*i + 4*i = 20. What is the units digit of i?
5
Let y = 312 + -185. What is the units digit of y?
7
Let f(m) = -m**2 - 9*m + 16. Let b be f(-9). Let z = b + -8. What is the units digit of z?
8
Let n = 0 - -1. What is the units digit of n?
1
Let q(n) = 3*n + 4. What is the units digit of q(8)?
8
Let k(n) = 5*n + 7. Let y(p) = -4*p - 8. Let m(a) = 3*k(a) + 4*y(a). Let i be m(-9). Let j = i + 3. What is the units digit of j?
1
Suppose 0 = 6*b - 2*b - 20. Suppose 2*g = 71 + b. What is the tens digit of g?
3
What is the units digit of (-2)/(-1) - (6 + -5)?
1
Let s(v) = v**3 + 8*v**2 - 12*v - 10. What is the tens digit of s(-9)?
1
Suppose 45 = -5*k + 15. Let o be 408/30 + k/10. Suppose -5*y + 7 = -o. What is the units digit of y?
4
Suppose 4*v - 7 - 5 = 0. Suppose -v*d + 0*o + 12 = -2*o, 0 = -4*d + o + 16. Suppose -b - d = -16. What is the units digit of b?
2
Let v(a) = 7*a + 3. Let b = 24 + -17. What is the tens digit of v(b)?
5
Let r(x) = -x - 7. Let j be r(-11). Suppose 4 = l, 3*z + 2*z = 4*l - 31. Let b = z + j. What is the units digit of b?
1
Suppose -z + 18 = z. What is the units digit of z?
9
Let l(w) = 11*w**2 - 42*w + 12. Let f(a) = 5*a**2 - 21*a + 6. Let d(v) = -9*f(v) + 4*l(v). What is the tens digit of d(18)?
4
Let q be (3 + -2)/((-2)/(-10)). Suppose -2*s + t = -5*s - 3, 0 = q*s - 4*t + 5. Let d = s + 16. What is the units digit of d?
5
Suppose 3*j - 2*y + 24 = -j, 3*y = 6. What is the units digit of 2*4 + (-5 - j)?
8
Suppose -f - 3*d + 12 = 2*f, 2*d + 4 = f. What is the units digit of (-2)/(-4) + 90/f?
3
Let s = 13 - -32. What is the units digit of s?
5
Suppose 0 = -r + 1 + 9. Suppose 0 = 8*i - 13*i + r. Let o = 2 + i. What is the units digit of o?
4
Suppose -w - 12 = 3*c, -5*w - 30 - 69 = 2*c. Let b = w + 41. What is the tens digit of b?
2
Let p = 3 - 3. Suppose 0 = -5*o - 15 - 15. Let m = p - o. What is the units digit of m?
6
Suppose -5*k - 55 = -10*k. What is the tens digit of k?
1
Suppose 3*h + 5*d = 128, -5*h + 0*d + 188 = 2*d. Let b = h - 26. Let p = b + -5. What is the units digit of p?
5
Suppose -3*y = -f + 178, 8*f = 4*f + 5*y + 705. What is the hundreds digit of f?
1
Let r be 2/3 - (-13)/3. Let c(d) = d**3 - 5*d**2 - d + 1. Let g be c(r). Let t = 5 + g. What is the units digit of t?
1
Suppose -2*j = -7 - 89. Let x = -32 + j. What is the units digit of x?
6
Suppose -4*s - 3*q + 19 = 0, 0 + 1 = q. Let w be 6*(10/(-3))/(-5). Suppose 3*g - 26 = -s*n, -2*n + 16 = n + w*g. What is the units digit of n?
8
Let l be (-9)/6*2/1. What is the units digit of l*(3 + (-20)/3)?
1
Suppose 2*k - 128 = -2*k. What is the units digit of k?
2
Let t = 2 - -3. What is the units digit of t?
5
Suppose 0 = -z - 2*s + 84, 0*z + 3*s = 3*z - 243. Suppose 0 = -4*j + 10 + z. What is the tens digit of j?
2
Suppose 0 = 7*s + 109 - 522. What is the tens digit of s?
5
Let o be 36/(-28) + 4/14. Let z = 11 + o. What is the tens digit of z?
1
Suppose -9 = -5*s + 1. Suppose -c + 2 = 3*d - 0*c, s*c = -8. What is the units digit of d?
2
Suppose -471 = -3*k + 5*l, 2*k = -k - 2*l + 450. What is the units digit of k?
2
Let m(o) be the second derivative of o**4/12 + o**3/2 - o**2 - 4*o. What is the units digit of m(-5)?
8
What is the units digit of 208 - 0/((-4)/(-2)) - 2?
6
Suppose 0 = -5*o + 34 - 9. What is the units digit of o?
5
Suppose -4*g + 2 = -2, -4*x + g = 21. What is the units digit of (x/(-10))/((-1)/(-18))?
9
Suppose -263 = -5*j + 482. What is the hundreds digit of j?
1
Let b be 14/5 + (-1)/(-5). Suppose 3*j + 90 = 5*f, -f + b*j = -2*f + 36. What is the units digit of f?
1
What is the units digit of (-46)/(-8) - (-3)/12?
6
Let a = -14 - -35. What is the units digit of a?
1
What is the tens digit of (-14)/63 - (-632)/9?
7
Suppose 3*h = -h + 16. Suppose -5*l + 81 = 4*i - 0*l, i - 23 = -h*l. What is the tens digit of i?
1
Let o(s) = 10*s**2 - 6*s + 9. What is the units digit of o(4)?
5
Let s(c) = 5*c - 2. Let d(h) = -h**2 + 9*h + 13. Let t be d(10). Let u = 6 - t. What is the tens digit of s(u)?
1
Let n = 32 + -68. Let b = n + 70. What is the tens digit of b?
3
Let d(t) be the third derivative of t**6/120 + t**5/6 - 7*t**4/12 + 7*t**3/6 + 4*t**2. What is the tens digit of d(-11)?
4
Let k = 0 + 4. Let p(v) = -v + 9. Let f be p(k). What is the units digit of (f + -1)*3/4?
3
Suppose -4*y - 6 + 2 = 0. Let r = y + 1. Suppose r*h = 2*h + 3*o - 22, 0 = -o + 4. What is the units digit of h?
5
Let c(a) = -8 + 0*a**2 + 2*a - a + a**2. Let g be c(0). What is the units digit of 88/14 + g/28?
6
Let p be 2*2 - (0 - -1). Suppose -3*z = -2*k + k - 16, -3*z + p*k = -24. What is the units digit of z?
4
Suppose 1 = -5*j + 11. Suppose -j*m + 3 = -3. What is the units digit of 20/m + 4/(-6)?
6
What is the tens digit of (18/12)/(3/76)?
3
Let g = -16 +